6).
-8
Let g(j) = j**2 + 24*j + 30. Determine g(-9).
-105
Let r(v) = -2*v**2 + 100*v - 274. Calculate r(47).
8
Let r(v) = -v**3 + 47*v**2 - 173*v + 23. Determine r(43).
-20
Let p(i) = -i**3 + 11*i**2 - 14*i + 28. What is p(9)?
64
Let p(d) = -4939*d + 19728. What is p(4)?
-28
Let m(n) = -15026*n + 135225. Determine m(9).
-9
Let p(j) = 117*j + 45. Calculate p(-1).
-72
Let v(k) = k**2 + 7*k - 5. Determine v(-8).
3
Let v(h) = -h**3 + 15*h**2 + 16*h + 27. Give v(16).
27
Let a(d) = d**3 + 73*d**2 + 145*d + 238. What is a(-71)?
25
Let i(r) = -3*r**3 + 143*r**2 + 47*r - 71. Determine i(48).
-119
Let f(d) = d**2 - 27*d + 51. Determine f(17).
-119
Let w(a) = a**3 + 15*a**2 + 108*a + 879. Calculate w(-12).
15
Let r(z) = -49*z - 104. Determine r(3).
-251
Let a(n) = -2*n**3 + 57*n**2 + 90*n + 41. What is a(30)?
41
Let h(k) = 9*k**3 - k**2 + k - 3. Calculate h(1).
6
Let v(b) = -1563*b + 20313. Determine v(13).
-6
Let y(t) = -t**3 + 44*t**2 - 78*t - 258. What is y(42)?
-6
Let u(g) = -2*g**3 + 135*g**2 + 70*g - 155. What is u(68)?
-19
Let v(i) = -3*i**2 + 5*i - 34. Determine v(9).
-232
Let v(u) = 7*u**2 - 48*u + 70. Determine v(5).
5
Let i(j) = -j**2 + 358*j - 21012. Determine i(284).
4
Let t(f) = -109*f**2 - 27*f - 58. Determine t(-2).
-440
Let a(v) = -10*v**3 - 2*v**2 + 20*v - 2. Determine a(3).
-230
Let v(a) = -a**3 + 20*a**2 + 42*a + 604. Give v(23).
-17
Let h(n) = n**3 - 9*n**2 + 6. Give h(11).
248
Let p(d) = -44*d - 126. Determine p(-3).
6
Let p(q) = -30*q + 193. Give p(7).
-17
Let v(i) = 11*i**2 + 14*i + 17. Give v(-4).
137
Let a(x) = -2*x**3 - 4*x**2 - 4*x - 39. Give a(-4).
41
Let k(w) = w**3 - 2*w**2 - 134*w + 511. Calculate k(4).
7
Let w(o) = 13*o**2 - 1407*o + 339. What is w(108)?
15
Let d(g) = 14*g**2 - 1033*g - 227. Calculate d(74).
-5
Let h(q) = 35*q + 2524. Calculate h(-72).
4
Let g(s) = -3373*s - 13462. What is g(-4)?
30
Let k(m) = -m**3 + 15*m + 11. Give k(4).
7
Let r(s) = 446*s**2 + s + 29. What is r(0)?
29
Let j(t) = 2*t**3 - 26*t**2 + 8*t - 104. What is j(13)?
0
Let k(q) = -1373*q - 1365. Determine k(-1).
8
Let u(w) = w**3 - 37*w - 73. Calculate u(-3).
11
Let d(w) = -w**2 - 4784*w - 42982. What is d(-9)?
-7
Let m(j) = -40*j - 2558. Give m(-76).
482
Let r(z) = z**3 + 10*z**2 - 37*z - 327. Calculate r(-11).
-41
Let k(i) = -22*i + 988. Give k(47).
-46
Let i(o) = -50*o + 1271. Determine i(24).
71
Let d(h) = -4*h**2 - 20*h - 10. Determine d(0).
-10
Let c(y) = y**2 + 126*y + 3353. Give c(-87).
-40
Let v(y) = 176*y - 542. Give v(3).
-14
Let s(t) = -1467*t + 11750. Calculate s(8).
14
Let f(a) = 234*a + 2278. Determine f(-11).
-296
Let p(i) = 4*i**3 - 5*i**2 + 4*i + 7. Determine p(0).
7
Let r(z) = 168*z - 2863. Calculate r(17).
-7
Let i(u) = -u**2 - 41*u + 577. Calculate i(-52).
5
Let d(q) = -q**3 + 21*q**2 + 14*q - 67. Give d(22).
-243
Let o(q) = 72*q + 2146. Give o(-30).
-14
Let y(h) = h**2 + 110*h + 319. Calculate y(-3).
-2
Let r(d) = -3*d**3 - 29*d**2 + 52*d + 67. Determine r(-11).
-21
Let k(r) = -2*r**2 - 41*r - 203. Calculate k(-15).
-38
Let f(w) = 980*w + 32345. Determine f(-33).
5
Let o(i) = -2*i**2 - 40*i + 38. Calculate o(-24).
-154
Let x(f) = f**2 - 43*f + 8. Determine x(43).
8
Let t(k) = k**2 - 2*k - 42. What is t(-8)?
38
Let m(o) = o**2 - 16*o - 72. Give m(18).
-36
Let m(y) = y**2 + 359*y - 4464. Determine m(12).
-12
Let s(w) = 121*w + 123. Calculate s(-1).
2
Let v(k) = -k**2 + 5*k - 12. What is v(3)?
-6
Let v(b) = -b**2 + 192. Calculate v(-14).
-4
Let u(f) = 75*f - 9411. Determine u(126).
39
Let n(a) = -57*a - 47. Determine n(-5).
238
Let p(f) = -640*f + 75520. What is p(118)?
0
Let l(p) = 1236*p + 4950. Calculate l(-4).
6
Let b(p) = -4*p - 188. Give b(-5).
-168
Let x(a) = -a**3 + 11*a**2 - 25*a + 43. Calculate x(3).
40
Let i(b) = 1778*b + 10669. Determine i(-6).
1
Let d(y) = y**3 + 3*y**2 + 30*y + 48. Give d(-2).
-8
Let j(s) = s**3 - 13*s**2 + 23*s + 14. Give j(8).
-122
Let g(c) = 19*c**2 + 129*c - 39. Give g(-6).
-129
Let b(w) = w**2 + 40*w - 341. Determine b(-47).
-12
Let r(b) = b**2 - 1850*b - 1. Determine r(0).
-1
Let a(m) = -m**3 + 5*m**2 + 94*m + 71. Calculate a(-7).
1
Let l(q) = 59*q - 1098. Determine l(19).
23
Let s(g) = -189*g + 633. Give s(4).
-123
Let d(o) = 29*o**3 + 233*o**2 + 15*o + 47. What is d(-8)?
-9
Let n(y) = 10418*y - 83335. Give n(8).
9
Let f(u) = -u**3 + 2*u**2 + 13*u + 45. Give f(-4).
89
Let m(t) = -32*t + 178. What is m(9)?
-110
Let h(v) = 13*v**2 + 124*v. What is h(0)?
0
Let u(x) = 101*x - 4. What is u(-1)?
-105
Let r(t) = -t**3 + 234*t**2 - 434*t + 46829. Give r(233).
-4
Let g(b) = b**2 + 45*b + 885. Give g(-14).
451
Let c(j) = 2*j**2 - 61*j + 436. What is c(12)?
-8
Let z(l) = l**2 - 83*l - 426. Determine z(88).
14
Let t(p) = -265*p**3 + 2*p**2 - 5*p + 2. What is t(1)?
-266
Let f(m) = 2*m**3 - 85*m**2 - 41*m - 54. Give f(43).
32
Let f(p) = 10*p + 263. Give f(-35).
-87
Let y(t) = -t**2 + 11*t + 93. Give y(-10).
-117
Let j(p) = 91*p + 1194. Give j(-13).
11
Let p(f) = -f**3 + 37*f**2 + 4*f - 118. Determine p(37).
30
Let s(m) = 14*m**2 + 131*m + 54. Calculate s(-10).
144
Let g(z) = z**3 + 124*z**2 - 1190*z + 864. Determine g(-133).
-67
Let i(u) = 88*u - 4413. Give i(49).
-101
Let b(n) = 7*n**3 - 1706*n**2 - 492*n + 928. What is b(244)?
-48
Let u(w) = 24*w**3 + 36*w**2 - 33*w - 3. Give u(1).
24
Let n(y) = 2*y**2 + 46*y + 176. Calculate n(-17).
-28
Let v(f) = f**2 - 44*f - 2140. Determine v(-29).
-23
Let c(w) = 2544*w + 106842. What is c(-42)?
-6
Let a(y) = y**3 - 40*y**2 - 127*y - 111. Give a(43).
-25
Let y(u) = u**2 + 24*u + 23. Determine y(-25).
48
Let c(z) = 90*z**2 - 162*z + 162. What is c(1)?
90
Let n(c) = -9*c**3 + 31*c**2 - 10*c + 8. Calculate n(4).
-112
Let a(c) = -70*c + 827. What is a(10)?
127
Let t(l) = 30*l + 227. Calculate t(-20).
-373
Let f(t) = 22*t + 1346. What is f(-67)?
-128
Let g(p) = 2*p**3 - 77*p**2 + 145*p - 1. What is g(2)?
-3
Let w(h) = -6*h**2 + 70*h + 8. Calculate w(12).
-16
Let r(n) = -18*n + 122. Determine r(-18).
446
Let n(i) = -i**3 + 12*i**2 - 18*i + 24. Give n(7).
143
Let x(s) = 172*s + 1547. What is x(-9)?
-1
Let j(y) = -y**2 - 67*y - 699. Give j(-10).
-129
Let i(c) = c**2 + 17*c - 40. What is i(-14)?
-82
Let j(m) = -m**2 - 85*m - 230. Calculate j(-83).
-64
Let o(m) = -220*m + 227. Calculate o(1).
7
Let d(x) = -x**2 + 35*x - 121. Determine d(30).
29
Let s(v) = v**3 + 4*v**2 - 27*v - 117. Give s(-5).
-7
Let h(l) = -18*l + 538. What is h(24)?
106
Let f(a) = -413*a + 2897. Determine f(7).
6
Let b(p) = 6*p**2 - 512*p - 344. Calculate b(86).
0
Let m(i) = i**2 - 197*i + 9161. Determine m(118).
-161
Let l(z) = -z**3 + 89*z**2 - z + 88. What is l(89)?
-1
Let a(d) = d**3 + 27*d**2 - 38*d - 54. What is a(-28)?
226
Let k(p) = -2204*p + 2199. Calculate k(1).
-5
Let s(c) = 5*c**2 - 1196*c - 952. Calculate s(240).
8
Let c(x) = 1497*x - 5. Determine c(0).
-5
Let z(i) = -i**2 - 336*i + 63585. Determine z(135).
0
Let j(k) = 2*k**3 - 31*k**2 - 3*k + 274. What is j(15)?
4
Let c(a) = -20*a**2 + 5*a + 61. Determine c(-6).
-689
Let q(r) = -r**2 - 26*r + 38. Calculate q(-9).
191
Let d(t) = t**3 + 14*t**2 - 14. Give d(-13).
155
Let y(j) = -2*j**2 + 86*j + 9. Give y(41).
173
Let f(w) = 9*w**2 + 77*w + 578. Determine f(-8).
538
Let p(z) = -z - 62. Determine p(-52).
-10
Let o(i) = -237*i + 10657. Give o(45).
-8
Let r(w) = -w**3 - 12*w**2 - 45*w - 20. What is r(-8)?
84
Let r(t) = 43*t**2 + 1160*t - 23. Determine r(-27).
4
Let o(j) = -j**3 + 56*j**2 + 118*j - 125. Determine o(58).
-9
Let g(a) = a**2 + 2*a - 120. Determine g(12).
48
Let m(a) = -18*a**3 + 6*a**2 - 60*a + 57. Determine m(1).
-15
Let c(k) = 26*k - 150. What is c(6)?
6
Let t(b) = -7*b**3 - b**2 - 2*b + 7. What is t(-2)?
63
Let s(d) = -d**2 - 10*d + 207. What is s(22)?
-497
Let l(n) = -8*n**2 - 170*n + 602. Determine l(3).
20
Let l(d) = 59*d + 8825. Calculate l(-149).
34
Let x(i) = 294*i - 1135. What is x(4)?
41
Let o(s) = 10*s**3 + 40*s**2 + 144*s + 30. What is o(-4)?
-546
Let r(t) = -786*t**3 + 4*t**2 + 6*t - 9. Determine r(1).
-785
Let n(g) = -2754*g + 19350. Determine n(7).
72
Let s(r) = 7*r**2 + 22*r - 36. What is s(2)?
36
Let l(i) = -i**3 + 10*i**2 + 49*i - 439. Calculate l(12).
-139
Let y(f) = 775*f - 4603. What is y(6)?
47
Let f(w) = w**2 + 6*w + 14. Give f(-3).
5
Let x(d) = -d**3 + 69*d**2 - 197*d - 73. Determine x(66).
-7
Let f(u) =